265?
5, 2407253
What are the prime factors of 129770?
2, 5, 19, 683
List the prime factors of 1834923.
3, 611641
List the prime factors of 31501022.
2, 7, 31, 10369
What are the prime factors of 793197?
3, 31, 2843
List the prime factors of 179564.
2, 7, 11, 53
List the prime factors of 285182.
2, 142591
List the prime factors of 2997471.
3, 821, 1217
What are the prime factors of 2926972?
2, 47, 15569
What are the prime factors of 18817819?
18817819
What are the prime factors of 4215180?
2, 3, 5, 163, 431
List the prime factors of 391744.
2, 6121
List the prime factors of 432212.
2, 11, 19, 47
List the prime factors of 2987412.
2, 3, 103, 2417
What are the prime factors of 597558?
2, 3, 13, 47, 163
List the prime factors of 20668156.
2, 47, 109937
What are the prime factors of 16048408?
2, 17, 197, 599
List the prime factors of 7618081.
271, 28111
What are the prime factors of 7307795?
5, 11, 47, 257
What are the prime factors of 17316109?
17316109
List the prime factors of 414039.
3, 79, 1747
What are the prime factors of 29015?
5, 7, 829
What are the prime factors of 1988465?
5, 23, 17291
What are the prime factors of 13215655?
5, 2643131
List the prime factors of 1261858.
2, 13, 48533
What are the prime factors of 733743?
3, 81527
What are the prime factors of 6144240?
2, 3, 5, 25601
List the prime factors of 4929514.
2, 2464757
List the prime factors of 253558.
2, 97, 1307
What are the prime factors of 344024?
2, 43003
List the prime factors of 2768807.
17, 271, 601
List the prime factors of 15133570.
2, 5, 17, 89021
What are the prime factors of 2508041?
2508041
What are the prime factors of 12265382?
2, 79, 149, 521
What are the prime factors of 629504?
2, 2459
What are the prime factors of 262907?
283, 929
What are the prime factors of 4023027?
3, 49667
What are the prime factors of 5647341?
3, 7, 268921
List the prime factors of 3632478.
2, 3, 605413
What are the prime factors of 5105791?
5105791
What are the prime factors of 9231?
3, 17, 181
What are the prime factors of 779250?
2, 3, 5, 1039
What are the prime factors of 452953?
452953
What are the prime factors of 546673?
563, 971
What are the prime factors of 4249296?
2, 3, 23, 1283
List the prime factors of 729643.
729643
What are the prime factors of 4264377?
3, 13, 647
List the prime factors of 2178239.
7, 311177
List the prime factors of 6406061.
2393, 2677
What are the prime factors of 2601734?
2, 97, 13411
What are the prime factors of 355227?
3, 118409
List the prime factors of 22620919.
197, 114827
What are the prime factors of 527773?
521, 1013
What are the prime factors of 12878782?
2, 7, 919913
What are the prime factors of 637640?
2, 5, 19, 839
List the prime factors of 1616176.
2, 83, 1217
List the prime factors of 371255.
5, 41, 1811
List the prime factors of 2409333.
3, 19, 43, 983
What are the prime factors of 1633979?
31, 52709
List the prime factors of 26823284.
2, 6705821
List the prime factors of 7887767.
7887767
What are the prime factors of 5769424?
2, 360589
List the prime factors of 14759210.
2, 5, 349, 4229
List the prime factors of 132834.
2, 3, 13, 131
List the prime factors of 3088085.
5, 7, 11, 13, 617
What are the prime factors of 2886176?
2, 19, 47, 101
What are the prime factors of 122307?
3, 59, 691
What are the prime factors of 99660?
2, 3, 5, 11, 151
What are the prime factors of 2233447?
71, 83, 379
What are the prime factors of 1082095?
5, 7, 43, 719
List the prime factors of 276619.
7, 43, 919
List the prime factors of 2093816.
2, 79, 3313
List the prime factors of 392622.
2, 3, 65437
List the prime factors of 412380.
2, 3, 5, 29, 79
What are the prime factors of 8464325?
5, 338573
List the prime factors of 1408276.
2, 352069
What are the prime factors of 3175306?
2, 1587653
List the prime factors of 107487.
3, 1327
What are the prime factors of 5698592?
2, 37, 4813
List the prime factors of 14034415.
5, 347, 8089
List the prime factors of 325009.
325009
List the prime factors of 109545.
3, 5, 67, 109
List the prime factors of 1144926.
2, 3, 63607
List the prime factors of 271452.
2, 3, 22621
List the prime factors of 1248984.
2, 3, 11, 19, 83
List the prime factors of 30168393.
3, 10056131
List the prime factors of 456346.
2, 11, 20743
List the prime factors of 64612.
2, 29, 557
List the prime factors of 916695.
3, 5, 13, 1567
What are the prime factors of 10863696?
2, 3, 89, 2543
What are the prime factors of 94299?
3, 17, 43
List the prime factors of 3052200.
2, 3, 5, 5087
What are the prime factors of 5925943?
5925943
What are the prime factors of 109548?
2, 3, 17, 179
What are the prime factors of 444020?
2, 5, 149
What are the prime factors of 7914857?
7914857
What are the prime factors of 4248939?
3, 67, 21139
What are the prime factors of 24484117?
7, 101, 34631
What are the prime factors of 9255746?
2, 4627873
What are the prime factors of 3936137?
3936137
List the prime factors of 2107700.
2, 5, 7, 3011
List the prime factors of 4018304.
2, 31393
List the prime factors of 13419522.
2, 3, 745529
What are the prime factors of 25107210?
2, 3, 5, 31, 8999
What are the prime factors of 2635704?
2, 3, 36607
What are the prime factors of 28780743?
3, 467, 20543
List the prime factors of 2359076.
2, 367, 1607
List the prime factors of 16335473.
7, 11, 30307
List the prime factors of 5705514.
2, 3, 197, 1609
List the prime factors of 630846.
2, 3, 101, 347
What are the prime factors of 364788?
2, 3, 10133
List the prime factors of 509353.
13, 39181
List the prime factors of 245867.
53, 4639
List the prime factors of 51575.
5, 2063
What are the prime factors of 167302?
2, 23, 3637
List the prime factors of 824918.
2, 23, 79, 227
List the prime factors of 1151709.
3, 13, 29531
List the prime factors of 4148233.
4148233
List the prime factors of 269931.
3, 89977
List the prime factors of 25679230.
2, 5, 2567923
List the prime factors of 289412.
2, 72353
What are the prime factors of 556609?
556609
What are the prime factors of 968258?
2, 484129
List the prime factors of 2068697.
197, 10501
List the prime factors of 7657408.
2, 11, 73, 149
List the prime factors of 181474.
2, 31, 2927
What are the prime factors of 1889928?
2, 3, 26249
What are the prime factors of 1347281?
13, 37, 2801
What are the prime factors of 318372?
2, 3, 43, 617
List the prime factors of 2275923.
3, 13, 67
What are the prime factors of 157371?
3, 52457
What are the prime factors of 344345?
5, 61, 1129
List the prime factors of 22153289.
22153289
What are the prime factors of 209533?
209533
What are the prime factors of 17071729?
17071729
List the prime factors of 135281.
135281
List the prime factors of 596603.
7, 85229
List the prime factors of 156966.
2, 3, 26161
What are the prime factors of 3789762?
2, 3, 37, 43, 397
What are the prime factors of 1333729?
179, 7451
What are the prime factors of 732066?
2, 3, 122011
What are the prime factors of 507791?
617, 823
What are the prime factors of 226440?
2, 3, 5, 17, 37
List the prime factors of 3727306.
2, 11, 19, 37, 241
List the prime factors of 414673.
7, 59239
What are the prime factors of 733564?
2, 13, 14107
What are the prime factors of 15365001?
3, 5121667
What are the prime factors of 42836?
2, 10709
List the prime factors of 1538549.
463, 3323
What are the prime factors of 1563000?
2, 3, 5, 521
What are the prime factors of 219716?
2, 7, 19, 59
What are the prime factors of 2608723?
13, 200671
List the prime factors of 6213648.
2, 3, 7, 18493
What are the prime factors of 1214422?
2, 11, 55201
List the prime factors of 190038.
2, 3, 19, 1667
List the prime factors of 132110.
2, 5, 11, 1201
What are the prime factors of 725664?
2, 3, 7559
List the prime factors of 2937073.
17, 197, 877
What are the prime factors of 687479?
13, 52883
What are the prime factors of 304632?
2, 3, 4231
List the prime factors of 154455.
3, 5, 7, 1471
List the prime factors of 654700.
2, 5, 6547
List the prime factors of 237219.
3, 107, 739
What are the prime factors of 1014097?
7, 277, 523
List the prime factors of 855577.
23, 37199
What are the prime factors of 154498?
2, 77249
List the prime factors of 4268149.
4268149
List the prime factors of 98964.
2, 3, 2749
What are the prime factors of 554264?
2, 79, 877
List the prime fact